What is the highest common divisor of 200320 and 773120?
640
Calculate the highest common divisor of 557568 and 3278.
22
Calculate the highest common factor of 12604 and 291847.
23
What is the highest common factor of 13716 and 12700?
508
Calculate the highest common divisor of 123013075 and 11450.
5725
Calculate the greatest common factor of 278435 and 5974120.
1165
What is the highest common factor of 51845281 and 38?
19
Calculate the greatest common factor of 13309779 and 42.
21
Calculate the greatest common factor of 18722 and 80882.
74
Calculate the greatest common factor of 572 and 821873.
13
What is the greatest common factor of 2584 and 1346188?
76
What is the greatest common divisor of 160335 and 57267?
63
Calculate the greatest common divisor of 784 and 452352.
16
Calculate the greatest common factor of 180 and 16766046.
18
What is the highest common divisor of 927623 and 173171?
1103
Calculate the greatest common divisor of 251384 and 11390.
134
Calculate the highest common divisor of 1186290 and 23310.
630
Calculate the greatest common divisor of 5047 and 114317.
49
Calculate the highest common divisor of 10380 and 33315.
15
Calculate the greatest common divisor of 136306157 and 94.
47
Calculate the highest common divisor of 1202209 and 11007.
1223
Calculate the highest common factor of 672 and 374336.
32
Calculate the greatest common divisor of 491411 and 1062.
59
What is the greatest common divisor of 20 and 293927750?
10
Calculate the highest common factor of 24312028 and 5590.
1118
What is the highest common factor of 97191 and 43803?
9
What is the greatest common factor of 5332 and 937228?
172
What is the greatest common divisor of 4417 and 246669889?
631
What is the greatest common divisor of 2628 and 318394026?
1314
Calculate the highest common divisor of 55431754 and 359.
359
Calculate the greatest common divisor of 702860 and 165545.
565
Calculate the highest common factor of 2413696035 and 8741.
8741
What is the highest common factor of 46400400 and 144?
144
What is the greatest common divisor of 177483390 and 35?
35
What is the highest common factor of 19092 and 12262396?
172
What is the highest common divisor of 4844 and 11397586?
346
What is the greatest common divisor of 8304 and 2645662704?
8304
Calculate the greatest common factor of 32853094 and 44976.
1874
What is the highest common factor of 5782 and 1159487?
49
What is the highest common factor of 1096995 and 165?
15
What is the highest common factor of 306085015 and 4065?
1355
What is the greatest common factor of 107247349 and 433862?
16687
Calculate the highest common divisor of 479 and 63736219.
479
Calculate the highest common divisor of 985160512 and 112.
112
What is the greatest common factor of 614 and 177318?
2
Calculate the highest common factor of 296648820 and 108.
36
What is the highest common divisor of 22404 and 18651?
3
What is the greatest common factor of 135 and 4655745?
135
Calculate the highest common factor of 1794953761 and 151.
151
Calculate the greatest common divisor of 103490435 and 81947.
4313
Calculate the highest common factor of 164 and 21958.
2
What is the highest common factor of 1499 and 33252317?
1499
What is the highest common divisor of 35 and 322135590?
35
What is the highest common factor of 93670 and 218565170?
5510
Calculate the highest common divisor of 8 and 43668536.
8
What is the greatest common factor of 30978882 and 66?
66
Calculate the highest common factor of 4458 and 22782.
6
Calculate the greatest common factor of 747925 and 45.
5
Calculate the greatest common factor of 78166 and 40630.
34
What is the greatest common divisor of 1785741300 and 35?
35
What is the greatest common factor of 991 and 140610017?
991
Calculate the highest common factor of 798 and 37154334.
42
Calculate the greatest common factor of 98992 and 701914.
46
What is the highest common divisor of 17663123 and 4?
1
What is the greatest common factor of 168363619 and 43?
43
Calculate the greatest common factor of 217 and 16045.
1
What is the highest common factor of 2943909 and 6966?
387
What is the highest common divisor of 118 and 3229306?
118
Calculate the highest common factor of 9 and 4112550.
9
Calculate the greatest common factor of 2807112 and 22.
22
What is the greatest common factor of 18167 and 440707?
37
Calculate the greatest common divisor of 49859 and 14454.
73
What is the greatest common divisor of 704854 and 3?
1
Calculate the greatest common factor of 1332 and 1656564.
444
What is the highest common divisor of 364 and 9352?
28
What is the greatest common divisor of 1401 and 956416?
467
Calculate the greatest common factor of 21488 and 24729016.
136
Calculate the highest common factor of 44965 and 1386095.
1955
Calculate the highest common factor of 14850 and 468666.
594
Calculate the highest common factor of 323790 and 190760.
2510
Calculate the highest common factor of 127721 and 74613.
187
What is the greatest common factor of 423420 and 210?
30
What is the greatest common factor of 54616870 and 3850?
770
Calculate the highest common divisor of 234 and 68562507.
39
Calculate the greatest common divisor of 59828484 and 36.
12
What is the greatest common factor of 5589 and 82011?
3
Calculate the highest common factor of 8516 and 1412.
4
What is the highest common divisor of 4008039 and 1?
1
Calculate the highest common factor of 21389000 and 3796.
292
What is the highest common factor of 90270909 and 27?
27
Calculate the highest common divisor of 244232856 and 888.
888
What is the greatest common factor of 211266 and 2327418?
1746
Calculate the highest common factor of 20 and 24929960.
20
Calculate the greatest common factor of 9044 and 866984972.
9044
Calculate the greatest common divisor of 1848 and 66942876.
924
What is the highest common factor of 37326506 and 39858?
1022
What is the greatest common divisor of 4965092 and 946?
22
What is the highest common factor of 3490 and 24822625?
1745
What is the highest common divisor of 94901672 and 2648?
2648
What is the greatest common divisor of 26277720 and 516?
12
Calculate the greatest common divisor of 3850 and 162093800.
550
What is the highest common divisor of 980 and 2531000?
20
Calculate the highest common factor of 19520 and 89536.
64
What is the highest common divisor of 1444842 and 40383?
63
Calculate the highest common divisor of 20943 and 8463.
39
What is the highest common divisor of 139510 and 77770?
70
What is the highest common divisor of 1098 and 233623839?
183
What is the highest common divisor of 69531 and 15435?
147
What is the highest common divisor of 4074 and 9828525?
2037
What is the highest common factor of 1516 and 235794092?
1516
What is the greatest common factor of 5236745 and 8725?
1745
What is the greatest common factor of 2838172 and 15932?
2276
What is the highest common divisor of 477 and 23763?
3
Calculate the highest common factor of 38233 and 65858.
221
Calculate the greatest common factor of 1208578 and 36926.
998
Calculate the highest common factor of 153061194 and 66.
66
Calculate the highest common divisor of 249968 and 536.
8
Calculate the greatest common divisor of 1352 and 3532744.
8
What is the greatest common divisor of 122613 and 6315?
3
What is the highest common factor of 15385 and 402902380?
15385
Calculate the highest common factor of 49560 and 9800.
280
Calculate the highest common divisor of 374358 and 39.
3
What is the greatest common factor of 1020276 and 43428?
564
What is the highest common factor of 892797 and 695?
139
What is the greatest common factor of 235110 and 48960?
510
What is the greatest common divisor of 6293536 and 1156?
68
Calculate the greatest common divisor of 1278838 and 616.
22
Calculate the greatest common divisor of 209495 and 2915.
55
What is the highest common divisor of 7449 and 12993539?
2483
What is the greatest common factor of 22545234 and 1098?
1098
Calculate the greatest common factor of 2072 and 48349084.
1036
Calculate the highest common factor of 110 and 5689475.
55
What is the highest common factor of 91500 and 296850?
150
What is the greatest common factor of 39 and 95705623?
13
What is the greatest common factor of 2816 and 2664024?
88
What is the greatest common factor of 90356 an